atest common factor of o and b.
16
Let h(m) = m**2 + 2*m + 2. Let k(u) = -u**3 + u + 1. Let y be k(-1). Let x = y - -2. Let g be h(x). What is the greatest common divisor of 85 and g?
17
Suppose -4*y = -2*y - 12. What is the greatest common divisor of y and 6?
6
Let l be 1160/45 + (-4)/(-18). Let d = l + -16. What is the highest common factor of 90 and d?
10
Suppose -5 = -2*z - 3*u, 2*u - 7*u = 5*z - 5. Let x be (-5)/z*(-9 + 1). Let a = 4 - x. Calculate the highest common divisor of 12 and a.
12
Let r = -19 - -88. Let p(u) be the second derivative of 5*u**3/6 + 3*u**2 - 4*u. Let t be p(8). What is the greatest common factor of r and t?
23
Let i(m) = 3*m + 1. Let t be i(5). Let z be (-442)/(-11) - (-10)/(-55). Calculate the greatest common divisor of t and z.
8
Let d = 10 + 8. Suppose -5*q - 9 = -234. Calculate the greatest common divisor of d and q.
9
Let k be (32/18)/8 - (-367)/9. What is the highest common factor of 164 and k?
41
Suppose 0*l - 3*f = 3*l - 66, l = -4*f + 22. Suppose -l = -2*p - 6. Calculate the highest common divisor of p and 8.
8
Let b(x) be the first derivative of -x**4/4 - 4*x**3/3 - 5*x**2/2 + 2*x - 1. Let w be b(-4). Let y = w - 14. Calculate the highest common factor of 64 and y.
8
Let w(o) = -2*o + 18. Let b be w(7). Calculate the highest common factor of b and 8.
4
Suppose 4*k + 2*r = 2, -2*k - 3*r - 5 - 4 = 0. Let i be (k/(-2) + 0)*-2. What is the greatest common factor of i and 12?
3
Let o = 203 + -339. Let m = o - -224. Suppose -2*j - 10 = -z + 2*j, m = 4*z - 4*j. Calculate the highest common factor of 39 and z.
13
Let k(j) = 46*j - 18. Let u be k(3). What is the highest common divisor of 12 and u?
12
Let q(v) = v + 7. Let u be q(8). Calculate the highest common divisor of u and 5.
5
Let o = -2 - -4. Suppose -o*k = -5*c + 270, -3*c - 3*k - 13 + 196 = 0. What is the highest common factor of 14 and c?
14
Let a be (-32)/(-2*(0 - -1)). Let o be 20/3*6/5. What is the highest common factor of o and a?
8
Let h(u) = -u + 1. Let g be h(3). Let x be (7 - -1)/(3/(-96)). Let f be g/7 + x/(-14). What is the highest common divisor of f and 9?
9
Let i be (0/(-1))/(-4) - -82. Suppose -j = -4*h + i, 4*j + 108 = 4*h + h. What is the highest common factor of h and 40?
20
Let s be (-135)/6*4/(-3). What is the greatest common factor of 150 and s?
30
Suppose c + 0*h = 5*h + 25, h + 5 = -5*c. Let x(j) = 2*j + 40. Let l be x(c). Calculate the greatest common divisor of 100 and l.
20
Let z = -28 - -73. Suppose -a + 5 + 1 = 0. Suppose 12 = 2*g - a. What is the greatest common factor of z and g?
9
Let z(v) = 4*v. Let j be z(10). Calculate the highest common factor of j and 10.
10
Let f be 4/14 + 1096/(-14). Let r = f - -111. Suppose 3*o - 32 = 34. Calculate the highest common divisor of o and r.
11
Let q(p) = 14*p + 3. Let g be q(4). Let l be -74*3/(12/2). Let z = l + g. What is the highest common factor of 11 and z?
11
Let i = -14 - 7. Let l be (3*-1)/(7/i). What is the greatest common factor of l and 99?
9
Suppose 4*m - 8 = 0, 4*l + 5*m - 406 = 2*m. Calculate the highest common divisor of l and 20.
20
Let d = 12 - 7. Suppose 3*i - 4*j - 36 = 0, i + j = d - 0. Let z be (6/(-5))/(i/(-20)). Calculate the highest common divisor of 18 and z.
3
Let v(l) = l - 1. Let z(f) = 14*f - 12. Let u(r) = 12*v(r) - z(r). Let d be u(-10). Calculate the greatest common divisor of d and 160.
20
Let z be 2 + 13 + -1*4. Calculate the highest common divisor of z and 121.
11
Let w be (2*-4)/((-14)/35). Suppose -2*z + g = -275, -4*z + 2*g - 6*g + 580 = 0. Calculate the greatest common factor of z and w.
20
Suppose 4*x - 24 + 4 = 0. Let i(q) = 54*q**3 + q**2 - q + 1. Let j(c) = -c - 3. Let p be j(-4). Let u be i(p). What is the highest common divisor of u and x?
5
Let a = -107 + 113. Calculate the highest common factor of a and 102.
6
Let x be (-2)/((-2)/6*2). Suppose -5*w = -x*w - 20. What is the greatest common factor of w and 80?
10
Suppose 0 = 5*n - 2*w - 124, n - w - 2*w - 30 = 0. Calculate the highest common factor of 24 and n.
24
Suppose -2*i + 18 = -5*g, i + 2*g + 30 = 3*i. Calculate the greatest common factor of i and 171.
19
Let a = -12 - -24. Let o be 1/((-3)/(a*1)). Let l be 1/4 + (-23)/o. What is the greatest common factor of 6 and l?
6
Let r(x) = 6*x**2 + x**3 + 3*x + x - 3 - 5*x. Let c be r(-6). Suppose -c*s + 20 = -4*l, 2*l + 20 = 2*s + l. Calculate the greatest common factor of 30 and s.
6
Let b(d) = -3*d - 2. Suppose -36 = 5*n + 4. Let u be b(n). Calculate the highest common divisor of u and 55.
11
Let i(b) = 3*b + 4*b**3 - 3*b**3 + 3*b**2 - 8*b**3. Let j be i(-2). Let r = j + -42. Calculate the greatest common divisor of r and 200.
20
Let c = -4 - -14. Let f(w) = -18*w + 2. Let r be f(-6). Calculate the highest common factor of r and c.
10
Suppose q = -4*h + 76, 3*h - 5*q - 34 = -0*q. Let z = 11 - 5. Let p = 18 - z. Calculate the highest common divisor of p and h.
6
Let g(d) = -13*d + 6. Let j be g(-6). Suppose n = -3*n + j. Suppose -2*o + c + 25 = 0, 2*o + o + 4*c - 54 = 0. Calculate the highest common divisor of o and n.
7
Let w be -47 + 3/(-3) + 5. Let c = w + 88. Calculate the highest common divisor of 5 and c.
5
Suppose 0 = 3*y + 31 - 85. Calculate the highest common factor of 144 and y.
18
Let z be (13 - 12)/((-2)/6). Let v be 106 + 4 + z - 2. Calculate the greatest common divisor of v and 15.
15
Let h be ((-6)/4)/(6/(-88)). What is the greatest common factor of h and 11?
11
Suppose 6*i - 2*i + 5*y = 121, 0 = -i - 5*y + 19. Suppose 0 = 6*b - 4*b - 102. Calculate the highest common factor of i and b.
17
Let u(m) = 0*m + 6 + m - 2*m + 2*m. Let y be u(-6). Suppose y = 5*k - k - 16. Calculate the highest common divisor of k and 8.
4
Suppose 5*m - 5*q = 340, m + 31 - 83 = -3*q. What is the highest common factor of m and 8?
8
Let m(d) = d**3 - 4*d**2 - 11*d - 6. Let u be m(7). Calculate the greatest common divisor of u and 8.
8
Suppose 8 = -5*f - 2. Let c be -8*(-1 - f/4). Suppose m - 70 = -c*m. What is the highest common factor of m and 35?
7
Let v = 71 + -36. Let n be 28/(-10)*(-10 - -5). Calculate the greatest common factor of n and v.
7
Let l(c) = -2*c**2 + 6*c - 12. Let k be l(9). Let r = k + 180. What is the greatest common factor of r and 20?
20
Let q(r) = 4*r - 9. Let y(j) = j**2 + 3*j. Let n be y(-5). Let h = -3 + n. Let u be q(h). Calculate the greatest common factor of 152 and u.
19
Let q = 7 + -4. Suppose q*l = 12, -55 = -4*w - 4*l + 9. Let r be 193/4 + 1/(-4). Calculate the highest common divisor of r and w.
12
Let z be -1 + 1/2*14. What is the highest common factor of z and 6?
6
Let q(l) be the third derivative of -1/2*l**4 + l**2 + 0*l - l**3 + 0. Let r be q(-5). Calculate the greatest common divisor of 9 and r.
9
Suppose 2*c - 5*x - 59 = 116, -184 = -2*c - 4*x. Suppose -1 = 5*k - 51. Calculate the greatest common factor of c and k.
10
Let o be ((-5)/2)/((-3)/24). What is the greatest common divisor of o and 5?
5
Let i = -26 - -28. What is the greatest common factor of 22 and i?
2
Let k = -22 + 28. Calculate the greatest common factor of k and 4.
2
Let k(y) = -2*y + 6. Let h be k(4). Let a be h + 1 - (-1 + -35). Calculate the highest common factor of 7 and a.
7
Let n be 1/4 - (-150)/8. Suppose -3*k - 240 = -4*x, 5*x + 4*k = 3*k + 281. What is the highest common divisor of x and n?
19
Let u be -16 + 3*(-2)/(-6). Let d be u*(-4)/((-6)/(-3)). Calculate the highest common factor of 75 and d.
15
Let z = -30 - -102. Calculate the highest common factor of 6 and z.
6
Suppose 2*s = -s + 33. Let h(n) = n**2 - 11*n + 13. Let o be h(s). Calculate the greatest common divisor of o and 65.
13
Let u(c) = c**3 - 2*c**2 + c + 3. Let q be u(3). Suppose -6*k + q = -3*k. Let n be 1/3 - 87/(-9). What is the greatest common factor of n and k?
5
Let o(u) = u**2 - 7*u + 9. Let x be o(6). Suppose 3 + x = s. Let b(d) = d**2 - 36*d + 89. Let j be b(35). What is the greatest common divisor of j and s?
6
Suppose -r - 4 = -2*r. Let v = 12 - r. Let h(k) = k**2 + 2*k - 7. Let l be h(-5). What is the greatest common divisor of l and v?
8
Suppose 0 = 3*r - 4*r. Let x be r - 15/(1/(-1)). What is the greatest common factor of 6 and x?
3
Suppose 0 = 2*x - x - 11. Calculate the greatest common factor of 121 and x.
11
Let k = 57 - 36. Calculate the highest common di